3*k + 581. What is l(83)?
-415
Let w(s) = 3*s**3 - 11*s**2 + 30*s + 32. Calculate w(7).
732
Let x(b) = -1364*b - 4093. Determine x(-3).
-1
Let z(q) = 2380*q**2 - 33319*q + 32. Determine z(14).
46
Let c(v) = 20172*v + 302546. Calculate c(-15).
-34
Let v(u) = -20018*u - 19836. Determine v(-1).
182
Let m(k) = -2*k**3 + 46*k**2 + 13683*k - 249545. Determine m(18).
-11
Let j(b) = -2*b**2 + 22*b + 14504. Give j(-81).
-400
Let v(c) = -3095*c + 216605. Calculate v(70).
-45
Let k(w) = 1509*w + 2989. What is k(-2)?
-29
Let y(t) = -19*t**2 + 23*t + 12. Give y(2).
-18
Let d(n) = -15*n**3 + 2*n**2 + 27*n - 64. Determine d(2).
-122
Let t(v) = 497*v**2 - 3894*v - 12. Give t(8).
644
Let g(t) = -151*t + 2531. Determine g(6).
1625
Let b(c) = c**2 - 212*c - 25776. Determine b(-86).
-148
Let a(c) = -c**3 + 8*c**2 + 464*c - 4036. Give a(21).
-25
Let n(h) = -4526*h + 118779. Determine n(26).
1103
Let v(m) = -38*m**2 + 578*m - 277. Calculate v(14).
367
Let n(q) = -2*q**3 - 6*q**2 + 2239*q - 67. Calculate n(-35).
-32
Let c(t) = 29*t - 3821. Give c(141).
268
Let p(x) = 5*x**2 - 9597*x + 86240. What is p(9)?
272
Let r(m) = 2*m**3 - 39*m**2 + 117*m - 2670. Give r(19).
-808
Let m(r) = -r**3 - 28*r**2 + 96*r - 5371. Give m(-35).
-156
Let s(n) = -n**3 + 24*n**2 + 187*n - 3528. Calculate s(25).
522
Let q(u) = 961*u + 73939. Calculate q(-77).
-58
Let o(n) = -84303*n - 843040. Calculate o(-10).
-10
Let s(x) = -x**3 + 87*x**2 - 1720*x - 8. What is s(56)?
888
Let v(u) = 2*u**3 - 336*u**2 + 2881*u - 3077. Determine v(159).
-56
Let j(i) = i**2 + 2147*i + 25718. Determine j(-12).
98
Let i(w) = -9*w**3 + 1322*w**2 - 22793*w - 945. What is i(20)?
-5
Let p(n) = -116*n**3 - 834*n**2 - 165*n - 11. Calculate p(-7).
66
Let n(g) = 2*g**2 - 321*g + 16789. Give n(90).
4099
Let u(p) = 8484*p - 110307. Give u(13).
-15
Let g(y) = 45*y**2 - 8*y - 33. Calculate g(-2).
163
Let z(a) = -a**3 + 6495*a**2 + 39021*a + 96. Determine z(-6).
6
Let n(r) = r**3 + 71*r**2 + 1270*r - 189. Determine n(-36).
-549
Let l(p) = -4*p**2 + 1529*p + 86441. Give l(-50).
-9
Let n(m) = -m**3 - 11*m**2 - 683*m - 6931. Determine n(-10).
-201
Let i(b) = 3225*b - 51891. Determine i(16).
-291
Let k(t) = t**3 + 587*t + 1175. Calculate k(-2).
-7
Let l(v) = -16*v**3 + 1300*v**2 - 328*v + 283. Give l(81).
-41
Let k(w) = w**3 - 14*w**2 - 7607*w + 61206. Give k(8).
-34
Let b(i) = i**2 - 161*i + 2956. Determine b(140).
16
Let l(o) = -490*o**2 - 26454*o + 291. Give l(-54).
-33
Let p(z) = z**2 + 10264*z + 470029. Give p(-46).
1
Let f(z) = -z**2 - 15475*z + 62014. Give f(4).
98
Let n(j) = -69*j + 18. Determine n(-5).
363
Let s(v) = 112*v**2 + 32*v + 91. Calculate s(-3).
1003
Let m(k) = 2*k**3 + 384*k**2 + 3341*k + 10. Determine m(-9).
-413
Let a(f) = -17*f**3 - 107*f**2 + 369*f. Determine a(4).
-1324
Let d(p) = p**3 - 58*p**2 - 1189*p + 356. Calculate d(74).
-14
Let k(q) = q**3 + 81*q**2 - 246*q - 6541. What is k(-83)?
99
Let f(s) = s**2 - 85*s + 1417. Determine f(50).
-333
Let t(g) = g**3 + 18*g**2 - 72*g + 74. What is t(2)?
10
Let s(x) = -103*x**2 + 1282*x + 26. Give s(12).
578
Let h(a) = -29*a**3 + 3*a**2 - 1700*a + 8493. What is h(5)?
-3557
Let f(y) = 30*y**2 - 989*y + 6450. What is f(9)?
-21
Let k(u) = 9*u**2 - 1145*u - 4466. Give k(131).
-12
Let i(y) = 2*y**3 + 56*y**2 + 275*y - 397. Determine i(-21).
2
Let z(p) = -27*p**2 - 168*p + 746. Calculate z(3).
-1
Let i(p) = 2*p**3 + 198*p**2 - 10*p - 1000. What is i(-99)?
-10
Let p(z) = 33598*z - 739145. What is p(22)?
11
Let f(n) = -n**3 - 21*n**2 - 199*n - 3048. What is f(-19)?
11
Let q(u) = 9*u**2 - 1020*u - 12592. Give q(-12).
944
Let h(f) = f**3 - 69*f**2 + 2020*f - 20802. Determine h(20).
-2
Let f(s) = -3293*s + 1471985. What is f(447)?
14
Let p(v) = 4832*v**2 - 9532*v + 1. Calculate p(2).
265
Let q(y) = 5*y**3 + 33*y**2 - 101*y - 601. Calculate q(-7).
8
Let u(i) = -3001*i - 228071. What is u(-76)?
5
Let p(n) = 14778*n + 1093570. Give p(-74).
-2
Let i(u) = u**2 + 391*u - 10266. Determine i(23).
-744
Let q(h) = 473*h + 4753. Determine q(-10).
23
Let j(u) = 7*u**2 + 22*u - 73. Determine j(-21).
2552
Let u(o) = o**3 - 26*o**2 + 68*o + 765. Determine u(21).
-12
Let a(d) = -d**3 + 9*d**2 + 497*d - 1431. Determine a(26).
-1
Let d(w) = -5755*w + 650291. Determine d(113).
-24
Let o(q) = -5*q**2 + 231*q - 1539. Determine o(36).
297
Let m(j) = j**2 + 30*j - 2379. What is m(13)?
-1820
Let j(b) = 26840*b - 80527. Determine j(3).
-7
Let h(d) = -41642*d - 291484. Give h(-7).
10
Let d(p) = 839*p - 2872. Determine d(3).
-355
Let c(p) = -3*p**2 + 300*p - 3934. Calculate c(84).
98
Let y(x) = -1792*x - 184634. Give y(-103).
-58
Let y(p) = -p**3 + 12*p**2 - 42*p + 151. Determine y(14).
-829
Let i(h) = h**3 - 4*h**2 - 408*h - 1225. What is i(-3)?
-64
Let r(l) = -2*l**3 - 3*l**2 + 21*l + 418. Calculate r(6).
4
Let y(c) = -873*c - 11957. Give y(-13).
-608
Let g(m) = -m**3 - 14*m**2 + 92*m + 957. What is g(-13)?
-408
Let y(p) = -7*p + 1076. Calculate y(-52).
1440
Let z(a) = 5115*a + 1375927. Determine z(-269).
-8
Let d(s) = -2*s**2 - 5609*s - 78104. Give d(-14).
30
Let c(z) = 9491*z - 5362410. Determine c(565).
5
Let j(q) = -13*q**3 + 267*q**2 - 141*q + 84. Calculate j(20).
64
Let r(c) = -c**3 - 337*c**2 + 5232*c - 16795. Determine r(-352).
101
Let n(q) = 8956*q - 89623. Determine n(10).
-63
Let f(m) = 2584*m + 90417. Give f(-35).
-23
Let k(t) = 10*t**3 - 1673*t**2 - 3107*t + 39536. Determine k(169).
-10
Let o(q) = 3*q**3 - 64*q**2 + 372*q - 616. Determine o(7).
-119
Let g(j) = -3*j**2 + 2088*j + 16793. Determine g(-8).
-103
Let l(t) = 2*t**2 + 234303*t - 3983726. Give l(17).
3
Let d(c) = 2*c + 746. Determine d(-142).
462
Let c(b) = -49504*b - 37771550. Calculate c(-763).
2
Let a(b) = 3*b**3 - 59*b**2 - 266*b + 5792. Give a(19).
16
Let y(n) = 2*n**2 + 4270*n + 491187. Calculate y(-122).
15
Let m(y) = -4063567*y - 20317845. Calculate m(-5).
-10
Let d(y) = 126*y**2 + 32508*y - 46. Give d(-258).
-46
Let u(a) = -1288*a**2 + 12860*a + 196. Calculate u(10).
-4
Let k(n) = 4*n**2 + 1032*n + 42093. Calculate k(-208).
493
Let m(i) = 2*i**3 - 250*i**2 - 2123*i - 749. Calculate m(133).
-84
Let y(w) = -6207*w + 81485. Calculate y(13).
794
Let m(o) = o**2 + 10342*o + 2068160. Determine m(-204).
8
Let g(w) = -3*w**3 + 40*w**2 + 57*w - 519. What is g(13)?
391
Let r(t) = 13*t**3 + 9*t**2 - 27*t - 70. What is r(-3)?
-259
Let u(b) = 66*b**2 - 1625*b + 1552. Determine u(1).
-7
Let z(h) = -1399*h + 6979. Determine z(5).
-16
Let f(q) = 286*q**2 + 4948*q - 9899. Calculate f(2).
1141
Let m(x) = 18*x**3 - 54*x**2 + 312*x - 936. Determine m(3).
0
Let i(n) = 2*n**2 - 114*n - 48231. Determine i(186).
-243
Let g(z) = 572*z + 585. Calculate g(-1).
13
Let j(x) = -18629*x + 3409123. Calculate j(183).
16
Let g(a) = 19352*a - 252173. What is g(13)?
-597
Let h(c) = c**2 + 116*c - 698. What is h(8)?
294
Let t(o) = -o**3 - 61*o**2 + 660*o - 667. Give t(8).
197
Let m(b) = -17003*b - 103172. Calculate m(-6).
-1154
Let k(d) = 5009*d + 19436. What is k(-4)?
-600
Let w(b) = 17*b**2 + 4457*b - 17801. Give w(4).
299
Let q(p) = 350*p - 8706. Give q(19).
-2056
Let r(p) = 736*p + 29630. Give r(-40).
190
Let m(s) = s**3 + 140*s**2 + 147*s - 120. Determine m(-139).
-1232
Let d(v) = 1618*v - 37308. Determine d(23).
-94
Let o(m) = -m**3 - 323*m**2 - 301*m + 3564. Calculate o(-322).
-3198
Let l(a) = -203*a - 69558. Determine l(-343).
71
Let k(n) = -26*n**3 + 13*n**2 - 18*n - 2. Calculate k(-1).
55
Let g(o) = -38*o**3 + 79*o**2 - 228*o - 42. Calculate g(3).
-1041
Let n(d) = -d**2 - 5930*d - 1694346. Give n(-301).
-17
Let p(j) = -46*j**2 - 26798*j - 94955. Determine p(-579).
1
Let g(d) = -2*d**2 + 2192*d - 376141. Give g(213).
17
Let r(s) = -s**3 - 24*s**2 - 50*s - 900. Calculate r(-24).
300
Let j(l) = 705*l + 40460. Calculate j(-57).
275
Let n(i) = 2*i**3 + 126*i**2 - 211*i + 2809. Give n(-65).
-376
Let c(g) = 83866*g + 838657. Give c(-10).
-3
Let x(w) = -9708*w + 1038792. Determine x(107).
36
Let k(s) = 4*s**2 + 922*s - 211574. Calculate k(142).
6
Let y(x) = -19*x**2 + 158*x + 1273. Give y(-5).
8
Let r(d) = -d**3 - 95*d**2 - 2190*d + 1995. Give r(-43).
17
Let u(w) = -4765*w - 72251. What is u(-15)?
-776
Let l(a) = -2*a - 606. Determine l(-41).
-524
Let j(v) = 99384*v - 695697. Determine j(7).
-9
Let b(r) = r**3 - 101*r**2 - 13197*r - 300. Determine 